64210 (base 7) to base 11.
10a2a
Convert -3211 (base 5) to base 9.
-528
Convert -15221 (base 9) to base 8.
-24223
121330 (base 5) to base 11
34a3
What is -4288 (base 11) in base 12?
-333a
-14cd (base 15) to base 5
-120333
c58 (base 14) to base 11
190a
1524 (base 7) to base 8
1136
a08 (base 13) to base 4
122202
Convert -303331 (base 5) to base 6.
-113321
-3314 (base 6) to base 10
-766
Convert 526 (base 11) to base 6.
2533
What is 25137 (base 8) in base 9?
15782
What is 632 (base 9) in base 7?
1334
What is -240 (base 13) in base 10?
-390
What is 230 (base 4) in base 12?
38
-111222222 (base 3) to base 5
-311310
11459 (base 11) to base 4
10002020
What is -2450 (base 12) in base 11?
-3090
What is 4542 (base 11) in base 7?
23264
What is 65032 (base 8) in base 6?
325430
What is 14318 (base 9) in base 12?
5775
What is -10422 (base 8) in base 3?
-12222212
-3555 (base 7) to base 13
-7a1
-502 (base 13) to base 7
-2320
101432 (base 7) to base 15
522e
99a (base 11) to base 2
10010101110
-322 (base 16) to base 4
-30202
144 (base 6) to base 13
4c
Convert -1242 (base 7) to base 10.
-471
Convert -6539 (base 11) to base 6.
-103545
Convert -31257 (base 10) to base 2.
-111101000011001
Convert -1010023 (base 5) to base 15.
-4c43
What is 1ae5 (base 15) in base 10?
5840
-3276 (base 10) to base 12
-1a90
What is 2121201111 (base 3) in base 6?
1034404
30110 (base 9) to base 2
100110100111101
What is 412 (base 11) in base 3?
200102
322 (base 6) to base 2
1111010
What is 360 (base 8) in base 10?
240
What is -19640 (base 11) in base 14?
-9da6
What is 14212 (base 5) in base 13?
6cc
4336 (base 12) to base 15
22c6
1303 (base 6) to base 9
403
Convert 3432 (base 6) to base 11.
679
What is -2204 (base 6) in base 13?
-301
Convert -1031 (base 7) to base 9.
-445
2463 (base 11) to base 14
1259
-5500 (base 8) to base 6
-21200
-10222232 (base 4) to base 8
-45256
Convert 4726 (base 8) to base 5.
40033
-27082 (base 10) to base 12
-1380a
What is -580 (base 10) in base 15?
-28a
-123 (base 15) to base 11
-215
-3159 (base 10) to base 6
-22343
Convert 2003 (base 4) to base 14.
95
What is -3a4 (base 11) in base 7?
-1251
What is -19261 (base 11) in base 4?
-12210301
-195 (base 12) to base 3
-100112
Convert -45a2 (base 13) to base 5.
-303030
What is 13433 (base 6) in base 12?
1279
-5d8 (base 14) to base 7
-3261
13356 (base 7) to base 11
279a
54a (base 13) to base 14
48b
-120 (base 14) to base 6
-1012
What is 337 (base 8) in base 5?
1343
18979 (base 11) to base 5
1321324
Convert 1213102 (base 5) to base 13.
a569
Convert -5505 (base 6) to base 7.
-3455
Convert -1455 (base 12) to base 13.
-1103
6344 (base 15) to base 4
11013331
Convert 2032132 (base 4) to base 10.
9118
Convert -32112202 (base 4) to base 13.
-209b0
Convert 31c8 (base 14) to base 12.
4b90
What is -3863 (base 12) in base 14?
-249d
1a1b (base 13) to base 9
5325
Convert 241 (base 12) to base 13.
1cc
What is 422 (base 12) in base 11?
4a8
-33262 (base 9) to base 6
-250132
-12331 (base 5) to base 11
-7a9
Convert -109 (base 10) to base 5.
-414
What is 3084 (base 15) in base 11?
7778
-1340 (base 6) to base 8
-534
Convert -10224 (base 5) to base 9.
-845
What is b81c (base 13) in base 3?
1022001002
Convert 120 (base 15) to base 10.
255
What is -2456 (base 12) in base 15?
-1333
Convert -1112102100 (base 3) to base 14.
-b00b
Convert 5090 (base 16) to base 6.
235252
-585 (base 12) to base 13
-4b2
What is -311022 (base 4) in base 6?
-23430
-10689 (base 10) to base 11
-8038
What is -572 (base 10) in base 6?
-2352
-236166 (base 8) to base 9
-133115
Convert -17250 (base 8) to base 6.
-100200
Convert 73c9 (base 14) to base 3.
1000101202
Convert -480 (base 14) to base 16.
-380
Convert 1427 (base 8) to base 12.
55b
-2515 (base 10) to base 11
-1987
What is 42512 (base 7) in base 12?
6128
Convert 21002 (base 4) to base 5.
4303
What is 6006 (base 13) in base 14?
4b40
-983d (base 16) to base 3
-1222110110
What is 1100110100011 (base 2) in base 5?
202223
-b77 (base 12) to base 8
-3213
What is -261 (base 15) in base 13?
-328
dc (base 16) to base 8
334
-867 (base 12) to base 11
-a1a
-22020 (base 5) to base 8
-2746
Convert -3a01a (base 11) to base 9.
-86475
Convert 12301 (base 4) to base 8.
661
484 (base 14) to base 3
1020100
Convert 1233231 (base 4) to base 7.
26562
-110221122 (base 3) to base 15
-2be5
What is 232200 (base 4) in base 8?
5640
Convert -33 (base 15) to base 11.
-44
What is 20421 (base 5) in base 2?
10101010001
-1100111110 (base 2) to base 10
-830
What is 63015 (base 7) in base 5?
443242
Convert -1385 (base 10) to base 7.
-4016
Convert -100100111111 (base 2) to base 11.
-1862
-201022121 (base 3) to base 8
-33403
What is 116505 (base 7) in base 11?
15190
What is 22 (base 14) in base 5?
110
Convert -aab (base 13) to base 12.
-1087
Convert -2b6 (base 16) to base 8.
-1266
Convert 10079 (base 10) to base 11.
7633
What is 2356 (base 13) in base 12?
2a64
Convert 14191 (base 11) to base 15.
5eab
Convert 22282 (base 9) to base 8.
34740
Convert 12120 (base 3) to base 7.
303
Convert -11141 (base 5) to base 4.
-30130
-11606 (base 7) to base 8
-5744
Convert -1223200 (base 4) to base 5.
-210010
Convert 3055 (base 8) to base 3.
2011120
-10011111 (base 3) to base 7
-6505
1077 (base 8) to base 10
575
-b21 (base 12) to base 5
-22414
Convert 43044 (base 6) to base 8.
13344
Convert 3000001 (base 4) to base 15.
3994
What is 8064 (base 15) in base 6?
325234
-691 (base 11) to base 7
-2260
133022 (base 5) to base 16
150b
Convert 350 (base 16) to base 3.
1011102
Convert 465c (base 14) to base 7.
50445
-666 (base 11) to base 12
-566
-3a6 (base 14) to base 2
-1011011110
-42236 (base 7) to base 4
-2202233
Convert -1023445 (base 6) to base 4.
-30032111
Convert -1648 (base 10) to base 15.
-74d
What is -1001110101010100 (base 2) in base 3?
-2001020201
-672b (base 15) to base 8
-52552
-20540 (base 6) to base 15
-c66
What is -202022202 (base 3) in base 4?
-3213200
Convert 2030 (base 4) to base 3.
12012
What is 23232 (base 4) in base 14?
3b8
What is -1955 (base 16) in base 9?
-8805
What is -1448 (base 10) in base 15?
-668
26a (base 15) to base 3
202101
36b (base 12) to base 15
245
Convert -101112120 (base 3) to base 12.
-4543
What is 3438 (base 14) in base 15?
2a46
Convert -2544 (base 8) to base 15.
-620
Convert -1011111000 (base 2) to base 7.
-2134
Convert 5211 (base 7) to base 11.
1406
3625 (base 8) to base 14
9c9
b35 (base 15) to base 11
1996
What is 36b (base 14) in base 5?
10213
-15165 (base 8) to base 6
-51205
-3455 (base 6) to base 3
-1010122
Convert 34706 (base 8) to base 2.
11100111000110
What is -513351 (base 6) in base 16?
-a003
11213 (base 5) to base 11
675
Convert 410 (base 12) to base 3.
210210
What is 1011000000111001 (base 2) in base 13?
176c3
Convert -a8c (base 13) to base 6.
-12210
What is -11001111 (base 3) in base 4?
-232030
Convert 100000111110 (base 2) to base 11.
1649
31c (base 14) to base 3
211202
What is -2212 (base 5) in base 10?
-307
Convert -1b1 (base 14) to base 6.
-1343
4545 (base 8) to base 9
3262
ac7 (base 14) to base 2
100001010111
Convert 5518 (base 11) to base 13.
340c
Convert 11154 (base 6) to base 8.
3056
142766 (base 8) to base 13
1a0b4
21313 (base 7) to base 5
132202
10221122 (base 3) to base 5
43004
Convert -119ce (base 15) to base 2.
-1101101110011011
What is -30101 (base 4) in base 8?
-1421
Convert 7a (base 15) to base 16.
73
What is -11121 (base 5) in base 3?
-1002010
192 (base 15) to base 16
16a
-103210 (base 4) to base 16
-4e4
-22111 (base 3) to base 14
-125
Convert 85552 (base 9) to base 5.
3302320
What is -163 (base 16) in base 15?
-18a
What is 7010 (base 8) in base 13?
1834
Convert 30213011 (base 4) to base 14.
14b77
6a (base 11) to base 5
301
-4 (base 12) to base 8
-4
What is 1067 (base 9) in base 16?
316
What is -2057 (base 8) in base 15?
-4b6
What is -1a6a (base 14) in base 8?
-11276
200202 (base 3) to base 5
4011
aec7 (base 15) to base 11
25956
Convert 12433 (base 9) to base 4.
2002311
Convert a918 (base 12) to base 14.
6ac4
What is 8e (base 16) in base 9?
167
Convert -2893 (base 15) to base 10.
-8688
3159 (base 10) to base 3
11100000
Convert 120311 (base 4) to base 10.
1589
Convert -100110 (base 4) to base 12.
-730
2073 (base 8) to base 9
1433
What is -14840 (base 9) in base 14?
-39bb
Convert -26417 (base 8) to base 6.
-1